prime factors of -12 + 11 + -4 - -8398.
7, 11, 109
Let o(s) be the first derivative of -11*s**4/2 + s**3 + 3*s**2/2 + 3*s + 106. List the prime factors of o(-3).
3, 5, 41
Suppose 0 = 3*f - 3*d - 7305, 0 = f + 3*d - 2717 + 262. Let u = 3563 - f. What are the prime factors of u?
1123
Let b = -105 - 322. Let z = b - -876. What are the prime factors of z?
449
Suppose 16*t - 58*t = 17*t - 155878. What are the prime factors of t?
2, 1321
Let s = -2620 - -10994. List the prime factors of s.
2, 53, 79
List the prime factors of 122*(-15)/(-5)*40685/474.
5, 61, 103
Let y be 0/(0/1 + -1). Suppose 8 = -a - 5*j - 13, y = 3*a + 4*j + 118. Let p = a + 49. List the prime factors of p.
3
Suppose 0 = -6*w + 5*w - 3*n + 1042, 5*n + 20 = 0. Let r = 1529 - w. List the prime factors of r.
5, 19
Suppose 0 = 16*h - 55474 - 115934. List the prime factors of h.
3, 3571
Suppose -12*m + 17*m + 1380 = 0. Let j = -239 - m. List the prime factors of j.
37
Suppose n = 66*n - 52928 - 782582. List the prime factors of n.
2, 6427
Let g = 7811 - -1371. What are the prime factors of g?
2, 4591
Let u be 13/(-1 - (-115)/110). Let r = 3 + u. List the prime factors of r.
17
Suppose -16*d = 5*j - 11*d - 1420, 0 = j + 3*d - 276. What are the prime factors of j?
2, 3
Suppose -24*l + 21*l + u + 79205 = 0, -5*l = 4*u - 131980. What are the prime factors of l?
2, 3, 5, 11
Let u be (0 + 114)*(-13 - -12). Let n = u - -277. List the prime factors of n.
163
Let p = -4624 + 7847. List the prime factors of p.
11, 293
Suppose 0 = -5*o - 3*u + 15685, 106*u - 111*u = 4*o - 12535. List the prime factors of o.
2, 5, 157
Let p(j) = 2450*j + 2942. What are the prime factors of p(34)?
2, 13, 31, 107
Let m(y) = -8*y + 35. Let g be m(3). Let h(u) = u**3 - 12*u**2 + 16*u + 3. What are the prime factors of h(g)?
2, 29
Suppose -2*c - 17*c = 3496. Let f = c + 537. What are the prime factors of f?
353
Suppose 311*f - 6793715 - 6539671 = 10044484. List the prime factors of f.
2, 5, 7517
Let b = -1598 + 1122. Let s = b + 793. List the prime factors of s.
317
Suppose -b + 76 - 221 = 3*x, 2*x - 330 = 2*b. Let v = b - -56. Let d = 177 + v. List the prime factors of d.
73
Let x(g) = -g**2 + 3*g - 2. Let h be x(-3). Let j = -343 - -255. Let w = h - j. List the prime factors of w.
2, 17
Suppose -8*u + 0*u - 2984 = 0. Let v = 561 + u. What are the prime factors of v?
2, 47
Let y = -2776 - -14522. List the prime factors of y.
2, 7, 839
Let j = -20057 - -44941. List the prime factors of j.
2, 6221
Suppose 11919 - 26549 = -4*d + 22970. List the prime factors of d.
2, 5, 47
Let r(v) = 101*v**2 + v. Let w be r(1). Let k = w - 215. Let j = k - -165. List the prime factors of j.
2, 13
Suppose -2*z + 42 - 20 = 3*f, -2*z - 5*f = -30. Suppose 0 = -4*d - 0*d - 4*i + 1252, 2*d - z*i = 591. What are the prime factors of d?
2, 7, 11
Let j = 179 + -398. Let u = j + 497. What are the prime factors of u?
2, 139
Suppose -j = -3*z + 32 - 29, -j = -5*z + 7. Let k(x) = 153*x**2 - 20*x + 35. What are the prime factors of k(z)?
607
Let f be -10 + 28/3 - (-70)/6. Suppose 15*i = f*i - h + 3179, -4*h + 3188 = 4*i. List the prime factors of i.
2, 397
List the prime factors of 6 - ((-1 - 10643)/1 + 39 + -39).
2, 3, 5, 71
Suppose 10*t = 7*t + 9. Suppose 0 = -n + 5, -z - 29 + 180 = t*n. Let u = -89 + z. What are the prime factors of u?
47
Let v = -519 + 522. What are the prime factors of -2*(v - 660 - 8)?
2, 5, 7, 19
Suppose 3*g - 5*y + 629 - 3730 = 0, -2*g + 4*y + 2066 = 0. Let t = -618 + g. What are the prime factors of t?
419
Suppose -52*c - 74980 = -4*n - 53*c, -c + 56233 = 3*n. What are the prime factors of n?
3, 2083
List the prime factors of 352*9 - 6 - 4.
2, 1579
Suppose 5*z + 1128 = 3*a, -4*z - z - 4*a - 1156 = 0. Let p = z + 150. Let r = -61 - p. What are the prime factors of r?
17
Let d(r) be the first derivative of 2*r**2 + 17 + 3*r**3 + 5*r**3 - 4*r - 2*r**3 - 2*r**3. List the prime factors of d(3).
2, 29
Suppose 0 = 3*q, -3*y + 7*y + 2*q - 1384 = 0. Let m = 724 - y. List the prime factors of m.
2, 3, 7
Let t = -4 - -8. Suppose 0 = 2*i - 6*i - c + 202, 210 = t*i - 3*c. Let d = 132 + i. What are the prime factors of d?
3, 61
Let f be (2 - 0)/((-4)/514). Let l = 41 - f. What are the prime factors of l?
2, 149
Let t = -9636 + 14584. List the prime factors of t.
2, 1237
Let r = -304 + 556. Suppose -342 = -3*f + n, 2*f - n + 3*n - 236 = 0. Let o = r - f. List the prime factors of o.
137
Let i(b) = 89*b - 1752. What are the prime factors of i(59)?
3499
Suppose -8*y - 9*y + 21080 = 23*y. What are the prime factors of y?
17, 31
Let g be 275 - (11 + (-18)/3). Let n = g - -118. What are the prime factors of n?
2, 97
Suppose -27*p + 546083 - 256764 + 1278571 = 0. List the prime factors of p.
2, 5, 5807
Let q(z) = z**2 - 5*z - 14. Let i be q(7). Suppose 0*u - 5*u + j + 3561 = i, -j = -3*u + 2135. Suppose 233 = -6*r + u. List the prime factors of r.
2, 5
Suppose 18*f - 21*f = m - 15172, -4*f = 2*m - 20230. List the prime factors of f.
13, 389
Suppose -4*i = 5*p - 259, p = 4*i - 59 - 182. Let m = i - -104. List the prime factors of m.
3, 5, 11
Suppose 0 = -r - 3*a + 5, r + 0*r + 2*a - 4 = 0. Suppose 4*y + 1 = -r*q + 5, 4 = 3*y + q. List the prime factors of (-307 - (10 - 5))*(-1)/y.
2, 3, 13
Suppose -7*r + 52 = 31. Suppose r*p - 282 = 39. Let b = -97 + p. List the prime factors of b.
2, 5
Let v(u) = u**3 - 12*u**2 - 21*u - 13. Let z = 332 - 316. What are the prime factors of v(z)?
3, 5
Suppose -9*w - 3 = 24. Let k = w - -75. Suppose -y + 5*b = -35, -4*y = b - k - 173. What are the prime factors of y?
2, 3, 5
Suppose 5*s + 3200 = -4*v, -2*v - 5*s = -7*v - 4000. Let z = 1245 + v. What are the prime factors of z?
5, 89
Suppose 89*x - 62625 - 297113 = 0. What are the prime factors of x?
2, 43, 47
Let a = 163 - -331. Let v = 546 - a. What are the prime factors of v?
2, 13
Let f(q) = -17*q**2 + q - 10. Let n(w) = 8*w**2 - w + 5. Let i(j) = -6*f(j) - 11*n(j). What are the prime factors of i(4)?
3, 83
Let j = -176 + 288. Suppose -4*w + j = -688. What are the prime factors of (-24)/16*w/(-3)?
2, 5
Suppose c + a - 6*a = 58, 84 = 3*c + 3*a. Let h = -29 + c. Suppose 5*v - 14 = 4*s - 419, -20 = h*v. What are the prime factors of s?
5, 19
Suppose -2*r + 15999 = -4*q - 1853, 0 = r - q - 8921. List the prime factors of r.
2, 3, 743
Let t = -7311 + 13255. List the prime factors of t.
2, 743
What are the prime factors of ((-86883)/(-9) - 2/(-6))*(81 + -80)?
2, 3, 1609
Let f(c) = -c**2 - 3*c + 10. Let y be f(-5). Suppose -5*g + m = -26, y = -2*g - g - m + 14. Suppose -3*w + 288 = g*w. What are the prime factors of w?
2, 3
Let w be (4/(-5))/((-7)/(-140)). Let p be -4 - w/(3 + 1). Suppose -4*i + 7*l - 3*l = -188, 3*i - 4*l - 141 = p. List the prime factors of i.
47
Let a = -38 + 22. Let c = 32 + a. Let v = c + 25. What are the prime factors of v?
41
Let n = -1495 + 882. Let f = n - -888. What are the prime factors of f?
5, 11
Let n = 91 + -85. Suppose h + 4*p + 1 = 4, -2*h - p + n = 0. Suppose 8*o - h*o - 1140 = 0. List the prime factors of o.
2, 3, 19
Let g = -53496 + 78915. List the prime factors of g.
3, 37, 229
Suppose -4*v = -9*v + 4*r + 349, -5*v = 4*r - 381. Suppose -12*f + 493 = v. Suppose l - 89 - f = 0. What are the prime factors of l?
2, 31
Suppose -4*b + 3*u - 26520 = -113596, -u = 4*b - 87060. What are the prime factors of b?
2, 10883
Let q be (-8294)/(-6) - -1 - 182/546. Suppose -122*i + q = -119*i. What are the prime factors of i?
461
Suppose -6 = -2*k, d = -4*k - k - 212. Let l = 7 - d. List the prime factors of l.
2, 3, 13
Let k be (14/21)/(2/6) + 28. What are the prime factors of 1/((-6)/k) + 68?
3, 7
Let x(h) = -4*h**2 + 28*h + 139 + 2*h**2 - 144. Let s be x(13). Let q = 49 + s. What are the prime factors of q?
2, 5, 7
Suppose u - 5 + 1 = 0. Suppose -y = 4*m - 150 + 12, 609 = u*y - 3*m. Suppose s + 2*h - 4*h - y = 0, -3*s = -5*h - 450. List the prime factors of s.
2, 3, 5
Let h(u) be the third derivative of -u**4/8 + 143*u**3/6 + u**2. What are the prime factors of h(32)?
47
Let f = 203 - 220. Let z(d) = 62*d**2 - 1. Let l be z(-1). Let y = l + f. What are the prime factors of y?
2, 11
Let v be 20 - (-2 - 0)*(-9)/(-6). Let m = v + 129. List the prime factors of m.
2, 19
What are the prime factors of 3/(-48)*-211534 + 62/496?
3, 13, 113
Let z = 15